 m be 6*(1 + (-4)/8). Suppose r + 5*f - 24 = 0, -4*f + 2 - 17 = -m*r. What are the prime factors of r?
3
Let j be -2 - (-1 - (-4)/(-2)). Suppose -4*c - 3 = j. List the prime factors of 22 - (-6 + 3)/c.
19
Let p be (1 - (-2 + 2))*5. Let u(l) = -l**3 + 5*l**2 + 3*l + 1. List the prime factors of u(p).
2
What are the prime factors of 34/5 + 40/(-50)?
2, 3
Let k(p) be the third derivative of p**6/120 - p**4/24 + 29*p**3/6 - p**2. What are the prime factors of k(0)?
29
Let y = 41 + -39. List the prime factors of y.
2
Let b = -649 + 949. What are the prime factors of b?
2, 3, 5
What are the prime factors of (-2)/(-3) - (-5784)/18?
2, 7, 23
Let x = 261 + -138. What are the prime factors of x?
3, 41
Let d = 19 + -40. List the prime factors of ((-36)/d)/((-1)/(-7)).
2, 3
Let a(m) = -m + 1. Let o(z) = z**3 - 3*z**2 + 3*z + 2. Let g(f) = 2*a(f) + o(f). Let v be 9/(-12)*8/(-2). List the prime factors of g(v).
7
Let l(a) = -a**3 + 2*a**2 + 2*a + 1. Let c be l(-1). List the prime factors of (34/c - 2) + 0.
3, 5
Suppose 6*j - 2*j = 76. Suppose -3*r - 6 = -0*r, 2*r = 3*h - j. What are the prime factors of h?
5
Suppose -14 = 13*m - 14*m. What are the prime factors of m?
2, 7
Let v = 0 + -21. Let n = -15 - v. List the prime factors of n.
2, 3
List the prime factors of (3 - 38/14) + 318/14.
23
Let m(k) be the first derivative of -1/2*k**2 + k**3 + 2 + 0*k. List the prime factors of m(-1).
2
Let s(a) = 3*a + 2. Let v be s(-2). Let w(u) = -u**2 - 6*u + 5. What are the prime factors of w(v)?
13
Suppose -g + 0*g + 70 = 0. Suppose -p - 4*p = g. List the prime factors of p*1/(-2)*1.
7
Let x(w) = w**2 + 13*w + 12. Let p be x(-13). Suppose -k + p = -5*k, 4*k + 72 = 3*d. Let z = d - 2. What are the prime factors of z?
2, 3
Let p(t) be the second derivative of t**5/10 - t**4/4 + t**3/3 - 3*t**2/2 - t. Let g = -15 - -17. What are the prime factors of p(g)?
5
List the prime factors of 8/4 + -1 + 38.
3, 13
Suppose 2*m = -0*m + 22. Suppose -k - m = -43. List the prime factors of k.
2
Suppose 4*x - 31 = -4*h + 9, 9 = 3*x. What are the prime factors of h?
7
Suppose 0*r = -2*r + 144. What are the prime factors of r?
2, 3
Let g(h) = 0*h**2 + 0*h**2 - 6 + 3 - h**2 - 8*h. What are the prime factors of g(-7)?
2
Let g be (1 - 1) + (1 - -1). Suppose 2*q - g = 2. Suppose 0 = 4*z + 4, -20 = -q*r - 2*z + 12. List the prime factors of r.
17
Suppose 3*s = -3 + 6. Suppose s = 2*n - 3. Suppose -4*w + n*w + 24 = 0. What are the prime factors of w?
2, 3
Let q(c) = -c**3 - 8*c**2 - 5*c - 12. List the prime factors of q(-8).
2, 7
Let a be 1/(-4) - 81/12. What are the prime factors of -1 + a/(21/(-36))?
11
Let b be 3/9 - 3/9. Suppose -2*l = -d + 1, b*l - 3 = -l. Suppose 5*y + 50 = d*m - 2*m, -2*m - 3*y + 10 = 0. List the prime factors of m.
2
Let l be 0 - (0/(-3))/(-1). List the prime factors of (-1)/(4/(-20) + l).
5
Suppose -4*v - 25 - 13 = -2*j, -4*j + 41 = -3*v. Let d = 11 + v. What are the prime factors of d?
2
Let g = 1 - 0. Let t(l) = 4*l**2 - 1 + 2 - 2*l**2. What are the prime factors of t(g)?
3
Suppose 28 = -3*l + 5*x, -2*x - 24 = 4*l - 4. Let y(g) = -g**3 + 5*g**2 + 3*g - 5. Let j be y(5). Let k = l + j. What are the prime factors of k?
2
Suppose -3*c + 5*z + 155 = 0, c - 2*z = -c + 110. Let f = c - 7. List the prime factors of f.
53
Let p(u) = u. Let o be p(4). Suppose -o*x + 3*x = -38. Let t = x - 22. List the prime factors of t.
2
Let y(u) = u**3 - 4*u**2 - 2*u - 1. Let q = -2 + 5. Suppose -2*o + 19 = q*s, s - 16 = -5*o - 1. What are the prime factors of y(s)?
2, 7
Suppose 3*i - 4*i - 3 = 0. Let b(f) = -9*f - 5. List the prime factors of b(i).
2, 11
Let y = 0 + 1. Let v be y + -3 + (1 - -5). Let b = v - -1. What are the prime factors of b?
5
Suppose 6 = 5*c - 4. Suppose -36 = -3*x - 3*h, 3*h + c = -2*x + 21. List the prime factors of x.
17
Let l = 4 + 0. Suppose -5*w + 9 = 3*b, l = b + 3*w + 1. List the prime factors of b.
3
Suppose -3*s + 8 = -1, s - 3 = 5*m. Suppose 0 = z + 1, m*f - 3*z + 30 = 3*f. What are the prime factors of f?
11
Let t = -47 + 151. What are the prime factors of t?
2, 13
Let p = 94 - 66. Let c(i) = -i**3 - 5*i**2 - 2*i - 7. Let z be c(-5). Suppose -j + p = z*j. List the prime factors of j.
7
Let c(m) = m**2 - 4*m + 2. Let t be c(4). Suppose -g = -0*g + 4*z + 13, -t*g + 4*z + 34 = 0. What are the prime factors of g?
7
Let j = 6 - -1. Suppose r - 10 = -t + j, 2*t + 3*r = 29. What are the prime factors of t?
2, 11
Let z(b) = 46*b**2 - b - 1. What are the prime factors of z(1)?
2, 11
What are the prime factors of 8/12 + 52/3?
2, 3
Let x = -18 - -20. What are the prime factors of x?
2
Let r(a) = -11*a + 1. Let k be r(1). Let j be (-24)/k + (-10)/25. What are the prime factors of 2 - 1 - (-7 - j)?
2, 5
Let h be (-3)/(-2)*16/6. Suppose 5*v - 2*j - 68 = 0, 4 = -2*j - h. List the prime factors of v.
2, 3
Let b(o) be the third derivative of o**4/4 - o**3 + o**2. What are the prime factors of b(4)?
2, 3
Let g = 8 + 12. List the prime factors of g.
2, 5
List the prime factors of (-10)/8*-4 + 14.
19
Suppose 0 = 4*w + 8, 114 = -3*l + 5*w + 337. Suppose 2*d = d - 5*u - 6, -4*d = u - l. Let p = -7 + d. List the prime factors of p.
2, 3
Suppose -4*w - 56 = 36. Let t = w - -33. What are the prime factors of t?
2, 5
Let d be 3/15 + (-99)/(-5). Suppose 0 = -2*n + d. What are the prime factors of n?
2, 5
List the prime factors of 1/(7/2) - (-11895)/91.
131
Suppose -15 = 5*q, -2*x + 9 = -0*x + 5*q. List the prime factors of -3*(x/9 - 3).
5
Suppose -j = 2*z - z - 129, -4*z = -4. Suppose -4*g + j = 7*f - 3*f, 5*g + 173 = 4*f. What are the prime factors of f?
37
Let v(q) = 2*q - 36. Let d be v(0). What are the prime factors of (-122)/(-7) + d/84?
17
Let q(h) be the first derivative of h**3/3 + 3*h**2/2 + 2*h - 4. List the prime factors of q(-3).
2
Suppose 7 = -2*o - 3. Let p(r) = -r**3 - 5*r**2 - 5*r - 4. Let q be p(o). Let c = 34 - q. What are the prime factors of c?
13
What are the prime factors of 458/14 + (-4)/(-14)?
3, 11
Let m(k) = 4*k**2 - k. Let j be m(1). Suppose z = j*z - 4. Suppose 0 = g - 2 - z. What are the prime factors of g?
2
Let h(b) = 0 + 6*b + 2 - 3*b - 2*b. What are the prime factors of h(4)?
2, 3
Let k(t) = t**2 - 6*t + 5. Let f = -12 + 19. List the prime factors of k(f).
2, 3
Let s(y) = y - 7. Let c be s(5). List the prime factors of 3 - (c - 0/2).
5
List the prime factors of (-6)/4*(-8 - -10) + 13.
2, 5
Let f(y) = y**2 + y + 1. Let r(z) = 22*z**2 - 4*z - 1. Let j(k) = 2*f(k) + r(k). List the prime factors of j(1).
23
Suppose 3*w - 9 = 54. What are the prime factors of w?
3, 7
Suppose 3*x - 54 = 3*i, i - 24 = -3*x - 2*i. Suppose 2*f - 37 = x. Suppose 3*p = 0, 4*p = 5*l - p - f. What are the prime factors of l?
5
Let j(d) = d**2 + 2*d. Let r(t) = -t + 10. Let i = 9 - 2. Let s be r(i). What are the prime factors of j(s)?
3, 5
Let d(w) = w - 5. Let q be d(7). Let b = 10 - q. Suppose -2*i + 29 = -3*g, -b = -i + g + 4. List the prime factors of i.
7
Let o(b) = -23*b - 2. Let j be o(-3). Suppose -2*i - 5*t + 3*t = -50, j = 3*i - 5*t. List the prime factors of i.
2, 3
Let c(o) = o - 4. Let z be c(2). Let v be (58 - 0)/(z/(-1)). Let k = -21 + v. What are the prime factors of k?
2
Let s(b) = b**2 - b. Let l(h) = -4*h**2 + 14*h - 12. Let u(y) = l(y) + 3*s(y). List the prime factors of u(9).
2, 3
Let u be (0 + -111)*(-4)/12. Let h = u + -23. List the prime factors of h.
2, 7
Suppose 0 = 5*j - 157 + 22. Suppose 2*n + 4*p = 20, -n - 11 = 5*p - j. What are the prime factors of n?
2, 3
Suppose 4 = -2*o - 3*d - 7, o = 5*d + 1. Let t(i) = i**2 - 2*i - 6. List the prime factors of t(o).
2, 3
Suppose 2*z - 4*j = -12, -4*z - 2*j + 15 = 3*j. List the prime factors of 1 + -3 - (z + -17).
3, 5
Let c(p) = -p**3 + 6*p**2 + 7*p + 7. List the prime factors of c(7).
7
Suppose 0 = -2*t + t + 2. Suppose 0*u - 5*u + 25 = 0. Suppose 3*n - u*y - 31 = 0, y - 3 = -t. What are the prime factors of n?
2, 3
Suppose -5*c + 581 = -284. Let j = -118 + c. What are the prime factors of j?
5, 11
Suppose -611 = -5*d - 4*l, -4*d + 488 = 4*l - l. What are the prime factors of d?
7, 17
Let j(s) = s**3 + 4*s**2 - 2*s - 2. List the prime factors of j(-4).
2, 3
Suppose 2*h + 2 = -4. What are the prime factors of 1 + (0 - h)*8?
5
Let o = -3 - -4. Let z(u) = -16*u - 4. Let h(q) = -q + 1. Let g(n) = o*z(n) + 4*h(n